sor of w and 14?
14
Suppose 2*o - 127 + 23 = 0. Let j = o + -11. Suppose 0 = a - 36 - j. Calculate the greatest common factor of a and 7.
7
Suppose -2*y + f = -4999, 3*y - 121*f + 118*f - 7500 = 0. Calculate the greatest common factor of y and 147.
147
Suppose 5*c + 4*d - 568 = 0, -58*d = 2*c - 62*d - 188. Calculate the highest common factor of c and 112.
4
Let k(h) = 2*h + 30. Let y be k(-13). Suppose -5*d - 3*i + 175 = -0*i, 108 = 4*d - 4*i. Let b = d + -22. Calculate the highest common divisor of y and b.
2
Let r(o) = -o**3 - 54*o**2 - 70*o - 793. Let t be r(-53). What is the highest common factor of 1647 and t?
27
Let j = -5 + 2. Let d be (-2)/3 - 137/j. Suppose 85*a - 3502 = -3077. What is the greatest common factor of a and d?
5
Let w be -6 + 0 + 8 - 6. Let k(a) = -4*a**2 - 18*a + 5. Let s be k(w). Calculate the greatest common factor of s and 26.
13
Let i be -2*12/(-18)*6 + 1. Let n be 2*-2*300/(-80). What is the greatest common factor of i and n?
3
Let v(l) = -9*l - 93. Let m be v(40). Let g = m + 491. Let z = 458 + -116. What is the greatest common factor of z and g?
38
Suppose -w + 3*g - 9 = -g, 0 = 2*w + 3*g - 26. Let q = -357 + 378. Let t = q - w. What is the highest common divisor of t and 14?
14
Let n(i) = -2*i**2 - 27*i + 3. Let o be n(-13). Suppose -5*p = m - o, 5*p - 20 = 3*p + 3*m. Calculate the highest common divisor of p and 68.
4
Let l(s) = -502*s + 11108. Let c be l(22). Let a(p) = -p**3 - 2*p**2 + p + 2. Let t be a(-3). Calculate the greatest common factor of c and t.
8
Suppose -j + 3*s = 4*j - 168, -2*s + 31 = j. Suppose a = -2*r + 5, 158*a - 157*a = 5*r - 16. Calculate the greatest common factor of j and r.
3
Suppose -25 = -2*u + 81. Suppose 4*x + 20 = 0, f + 2*x = 2*f - 17. Let j be 261 + -4 + f + 1. Calculate the highest common divisor of u and j.
53
Suppose -4*h - 44 = -8*h. Let d be ((-627)/456)/((-2)/176). Calculate the highest common divisor of h and d.
11
Suppose -2*f + 621 = -2*s - 1049, -5*f + 4195 = -s. Calculate the greatest common factor of 960 and f.
120
Let j = -2900 + 3248. What is the highest common factor of 1131 and j?
87
Suppose 0 = 3*f - 54 - 102. Let x = -291294 + 291320. What is the greatest common divisor of f and x?
26
Let u(z) = z**2 - 25*z - 177. Let n be u(-6). Let q be 4/((-64)/28)*28. Let c = q - -85. Calculate the greatest common divisor of n and c.
9
Suppose 0 = 4*u - 125*m + 123*m - 122, 2*u + 3*m = 33. Let g be (-59 - 1)*(-6)/8. What is the highest common factor of g and u?
9
Let n(s) = -3*s**2 - 11*s + 8. Let b be n(-4). Let x be (4 - (-16)/b)/2. Let z be 7 - x/16*4. Calculate the greatest common divisor of z and 18.
6
Suppose -5*d + 47 = v - 7, -6 = d - 4*v. Suppose 0 = -k + 66 - d. Calculate the greatest common divisor of k and 70.
14
Suppose 0 = 8*x + 35 - 611. Let q = -18 + 27. Calculate the highest common factor of x and q.
9
Suppose 2*b + 418 = 1716. Let d be -118*((-40)/(-16) - 3). What is the highest common factor of d and b?
59
Let m be 105/(-14)*(-5 - 3*(-5090)/(-150)). Calculate the greatest common divisor of 333 and m.
9
Let i(m) be the second derivative of -m**4/4 - m**3/3 - 7*m**2/2 + 21*m. Let o be i(4). Let l = o - -70. Calculate the highest common factor of l and 2.
1
Let u = -2640 + 3510. What is the greatest common divisor of 2250 and u?
30
Suppose -182*r = -10713 - 4029. Let t = 88 + -43. Calculate the greatest common divisor of r and t.
9
Let y = 43033 - 43009. What is the greatest common factor of 3624 and y?
24
Let a(f) be the third derivative of f**6/120 - 3*f**5/20 - f**4/8 - 13*f**3/6 - 84*f**2. Let s be a(10). What is the greatest common factor of s and 19?
19
Suppose -t + 3637 = -262*f + 264*f, -4*f - 5*t = -7265. What is the greatest common factor of f and 210?
70
Let a(z) = 3 + 90*z - 29*z**3 - 44*z**3 - 84*z. Let x be a(-2). What is the greatest common factor of x and 23?
23
Suppose 4*j - 24 = j, 0 = 4*m + 3*j - 23600. Calculate the greatest common factor of m and 14.
14
Let c(z) = 5*z - 27. Suppose 28*w = 21*w + 42. Let d be c(w). What is the greatest common divisor of 21 and d?
3
Let g(x) = 151 - 25*x - x**2 - 3*x**2 - 40 + 5*x**2. Let v be g(5). What is the highest common factor of v and 407?
11
Let x(w) = 141*w - 1116. Let g be x(8). Calculate the greatest common divisor of g and 13692.
12
Let l(s) = -s**3 + 45*s**2 + 83*s + 539. Let i be l(47). Calculate the greatest common factor of 209 and i.
11
Let y be (2*127/(-2)*-5)/((-54)/(-216)). Calculate the highest common divisor of 30 and y.
10
Suppose -9 = -3*d - 3. Let o be ((-10)/25)/(d/(-10)). Let t(h) = -16*h + 757. Let s be t(47). What is the highest common factor of s and o?
1
Suppose 4*d - 9*h = -7*h + 16018, 12*d + 3*h = 48117. What is the highest common divisor of d and 3?
3
Suppose -25*b = -59 - 66. Let x be 1/(3/756) + -2. Suppose -b*y - 49 = -m, 4*m + 3*y - x = -77. What is the greatest common factor of m and 11?
11
Let k(u) = 91*u + 12258. Let t be k(41). What is the greatest common factor of t and 59?
59
Suppose 4*n - 3*n + 3*y + 12 = 0, 5*y = -5*n - 20. Suppose 6*m = -2*l + 11*m + 967, 2*l - 2*m - 982 = n. Calculate the greatest common divisor of 62 and l.
62
Let v = -5 + 11. Let i = 188048 + -187910. What is the highest common factor of i and v?
6
Suppose 6*s - 4*s - 60 = 0. Suppose -560 + 3440 = 8*o. What is the greatest common factor of o and s?
30
Let g be 9572/10 + ((-99)/45 - -2). Calculate the greatest common factor of g and 66.
33
Let r be (-3 - 75/(-27)) + (-2054)/(-9). Suppose -3*s + r = -6*s. Let m be 4 + 1 - (s + -3). What is the greatest common divisor of m and 42?
42
Let w be (-5 - (-403 + -4))*(-2 + 1). Let i = 412 + w. What is the greatest common factor of 22 and i?
2
Let r(f) = -110*f + 89. Let m be r(5). Let y = m - -517. What is the highest common factor of y and 72?
8
Suppose -5*m + 3*m + 866 = 0. Suppose -9*b + m = -692. Suppose 3*t + 4*w = b, -3*t + 4*w + 155 = 2*t. What is the highest common factor of 7 and t?
7
Suppose 175 = 4*q + 5*s, 0 = -821*s + 819*s - 2. Calculate the greatest common factor of 1605 and q.
15
Let l = -124 - 79. Let n = 243 + l. What is the greatest common divisor of 210 and n?
10
Let n be 2/(-1 + (-24)/(-22)). Suppose 2*m + 36 = 5*z - 4, 0 = 2*z + 2*m - 2. Suppose -10*h + 176 = -z*h. What is the greatest common divisor of h and n?
22
Let i = 7809 - -14355. What is the greatest common factor of i and 12?
12
Suppose 2*h = -3*h + 125. Let y = -6564 + 6579. What is the greatest common divisor of h and y?
5
Let m = 5078 - 5046. What is the highest common factor of 688 and m?
16
Suppose -o + 10 = -6*o. Let r be 2/((-15)/(-9)*o/(-110)). Let c = r - 53. What is the greatest common divisor of 13 and c?
13
Let r be ((-780)/(-45))/26*99. Suppose -12 = -5*g - 2. Let m be 6 - (1 - (g + -1)). What is the greatest common divisor of r and m?
6
Let s = 81 - 41. Suppose 137 = n + s. Suppose 9*f = 889 - n. Calculate the highest common divisor of 44 and f.
44
Suppose 5*h + 228*b - 226*b - 374 = 0, -4*h = -2*b - 274. Calculate the greatest common divisor of 4068 and h.
36
Suppose -27 = -v + 31. Suppose -3*h = -d - d - 1572, -2097 = -4*h + 3*d. Suppose -8*a + h = -2*a. What is the highest common factor of v and a?
29
Let z = 30618 + -29637. What is the greatest common divisor of z and 18?
9
Let w be (-182)/(-13) + -18 - (-4 - 14). What is the highest common factor of w and 16?
2
Let o be (-4)/30 + 329/105. Suppose -5*c = -2*l - 24, 2*c - 24 = o*l - 7*l. Let x be (-2 - 48/(-20))*10. Calculate the highest common divisor of c and x.
2
Let g(v) be the second derivative of 11*v**4/3 + 2*v**3/3 - v + 3. Let j be g(-1). What is the highest common factor of 64 and j?
8
Suppose -3 = 3*g, 4*v + 3*g = g + 38. Let a = 25 + -23. Let z be -4 + 4 - a - -7. Calculate the greatest common divisor of v and z.
5
Suppose 3*v + 15*j = 20*j + 500, 5*j = -3*v + 460. Suppose 8*w = 3*w + 160. What is the greatest common factor of v and w?
32
Let d = -2514 + 3346. Calculate the highest common divisor of d and 64.
64
Let y(f) be the third derivative of -f**5/60 - f**4/3 + 3*f**3 - 3*f**2 - 1. Let k be y(-9). What is the highest common divisor of 171 and k?
9
Let p(v) = -v**3 - 17*v**2 - 46*v - 85. Let q be p(-15). Calculate the highest common factor of 2077 and q.
31
Let d(v) = -v**3 - 24*